 11674. Calculate the remainder when d is divided by 18.
0
Let a(y) = -y**3 - 51*y**2 + 449*y - 9. Calculate the remainder when a(-59) is divided by 54.
52
Calculate the remainder when (-1844048)/(-782) + (-2)/17 is divided by 40.
38
Let b(t) = -t**3 + 4*t**2 - 8*t - 9. Let g be b(-7). Let s = 641 - g. What is the remainder when s is divided by 28?
27
Suppose -4*g = -14*g + 40. Let t be (-50)/(-5) - (1 + g/(-1)). Suppose t*a = 11*a + 6. Calculate the remainder when 31 is divided by a.
1
Suppose 0 = h - i - 6, -2*h + 5*i = 2*h - 22. Suppose h*f - 847 = f. Let o = -93 + f. Calculate the remainder when o is divided by 11.
6
Suppose -18*n + 29*n - 388 = -124. Calculate the remainder when 397 is divided by n.
13
Suppose -q - 5*m - 6 = 0, -122*q + 114*q - m + 186 = 0. Calculate the remainder when 11975 is divided by q.
23
Suppose -593*r + 859 = -589*r - 3*v, -2*v = 2*r - 426. Calculate the remainder when 1281 is divided by r.
211
Let m = -151 + 109. Let f = 0 + 10. Calculate the remainder when (83/3 - -1)/((-28)/m) is divided by f.
3
Suppose -90*p + 16 = -88*p. Calculate the remainder when (-1 + -40)/(4/(-4)) is divided by (-9*4/(-21))/(p/28).
5
Let z be 12/9 + -3 - (-22)/33. What is the remainder when 812 is divided by (4/(-6) - z)*(-1443)/(-13)?
35
Suppose 1317 = l + 3*j - 111, -5*j + 4272 = 3*l. What is the remainder when l is divided by 270?
69
Suppose 4*g + 223 = -13. Let d = 112 + g. Calculate the remainder when 211 is divided by d.
52
Let d = -57 + 61. Suppose -x + 410 = d*x. Let u = x + -35. What is the remainder when u is divided by 17?
13
Suppose 19*y - 277288 = -20*y - 69652. What is the remainder when y is divided by 1774?
2
Let t = -48 + 82. Let v(z) = -z**3 - 34*z**2 + 29*z + 129. Calculate the remainder when v(-35) is divided by t.
33
Let n(f) = f**2 - f - 29. Let j be n(5). Calculate the remainder when (j - -14) + 6*1 is divided by 7.
4
Let n(u) = -255*u**2 + 15*u - 7. Let s be n(2). Let d = -671 - s. What is the remainder when d is divided by 33?
29
Let p(j) = -2*j - 1. Let m(s) = 53*s + 23. Let i(g) = m(g) + 5*p(g). What is the remainder when i(2) is divided by 15?
14
Suppose -10*r + 53884 = 66*r. What is the remainder when r is divided by 231?
16
Suppose 239*t = 243*t. Suppose -5*l + 2*p + 295 = t, 8*l - 3*l + 4*p - 325 = 0. Let y = 4 + 28. Calculate the remainder when l is divided by y.
29
Let b = -310 - -180. Let q = b - -134. Calculate the remainder when 11 is divided by q.
3
Let u(z) = 8*z**3 + 2*z - 3. Let l(b) = b - 2. Let r be l(3). Let n be u(r). Suppose 20 + 8 = n*s. Calculate the remainder when s is divided by 3.
1
Let f = 13266 - 12703. What is the remainder when f is divided by 189?
185
Let l(k) = -k**3 - 8*k**2 - 30*k - 79. Suppose 0 = -t - 2*h + 1387, 2*h = 3*t - h - 4170. What is the remainder when t is divided by l(-6)?
26
Let b(i) be the third derivative of -26*i**2 + 14/3*i**3 + 1/24*i**4 + 0*i + 0. Calculate the remainder when 93 is divided by b(-12).
13
Suppose 8 = 4*b, -2*q - 4*b = -17 + 1. Let m = -149 + 216. Suppose -q*i = -121 - m. Calculate the remainder when i is divided by 13.
8
Suppose o - 5*l = 934, 2*l - 3*l - 2872 = -3*o. Calculate the remainder when o is divided by 189.
14
Suppose t + 4*o - 634 = 6*t, -5*o - 670 = 5*t. Let p = 97 - t. Calculate the remainder when p is divided by 19.
18
Let c(z) = 22*z + 6. Suppose 3*u + 3*h + 13 = 7, -u + 13 = -4*h. Calculate the remainder when 161 is divided by c(u).
21
Suppose 130*k = 168*k - 13110. What is the remainder when k is divided by 177?
168
Suppose -2*v - 3*r = 0, r + 3*r - 22 = v. What is the remainder when v/24 - 933/(-4) is divided by 18?
17
Suppose -2*l = m - 17, 26*m = 3*l + 29*m - 21. Calculate the remainder when (3 + -6 + 6)/((-4)/(-36)) is divided by l.
7
Let n = -531 - -595. What is the remainder when 308 is divided by n?
52
Let l(v) = -5*v - 7. Suppose 4*j = 32 - 8. Let f(n) = -10*n - 14. Let x(q) = j*f(q) - 11*l(q). What is the remainder when 90 is divided by x(-6)?
21
Let y = 570 + -529. Suppose y*t - 144 = 32*t. Calculate the remainder when t is divided by 15.
1
Let d = 17554 + -17540. What is the remainder when 2/(-8) - 194/(-8) is divided by d?
10
What is the remainder when 104/(-32) + 175158/24 is divided by 38?
37
Let o(j) = j**2 + 11*j - 20. Let v be o(-12). Let q(k) = -k**3 - 2*k**2 + 27*k - 1. What is the remainder when q(v) is divided by 57?
53
Let a be 1*4/14 - (-16068)/(-84). Suppose 2*h + 5*x + 207 = 0, 0*h - 86 = h - x. Let w = h - a. What is the remainder when w is divided by 34?
32
Let t(s) = s**2 - 9*s + 22. Let l be t(5). Suppose -2*r - 27 = -349. Calculate the remainder when r is divided by 3/(l - (-158)/(-82)).
38
Suppose -385 = -3*x + 116. Suppose -5*y - x = -1227. Calculate the remainder when y is divided by 36.
32
Let b = -38 - -35. Suppose -76 = -4*f + 4*x, -4*x - 7 = -f - 0*f. What is the remainder when f is divided by ((-24)/(-15))/(-2*b/45)?
11
Let b = 71 - 25. Let v = -43 + 268. What is the remainder when v is divided by b?
41
Suppose -4*o + 2*g - 1642 = 0, 5*o + 2060 = -6*g + 7*g. Let p = 543 + o. Calculate the remainder when p is divided by 46.
38
Calculate the remainder when (6/24)/((-20122)/(-4024) - 5) is divided by 242.
19
What is the remainder when 189/(-18)*(2/9 + (-41334)/27) is divided by 19?
17
Suppose 5*j - 2519 - 86 = 0. Suppose 2*v - 208 = l, -5*v + 2*l - 2 = -j. What is the remainder when v is divided by 15?
13
Suppose -7*q + 4835 + 13420 + 30486 = 0. Calculate the remainder when q is divided by 129.
126
Let q = 129 + -60. Suppose m + 224 + 220 = 5*l, -80 = -l - 2*m. What is the remainder when l is divided by q/2*(-34)/(-51)?
19
Let p = -25 + 26. Let c(u) = 14*u**3 - u**2 + 2*u - 1. Calculate the remainder when -2 - -1 - -5 - -47 is divided by c(p).
9
Suppose 809 = 5*k + n, -13*k + 2*n = -10*k - 488. Calculate the remainder when 498 is divided by k.
12
Calculate the remainder when ((-3)/(-7))/(300/28700) is divided by 3.
2
Suppose -41*u = 24*u + 7*u - 1440. Let y = -29 - -88. Calculate the remainder when y is divided by u.
19
Suppose -n = 4*n + 40. Let z be -4 - n - (0 + -2). Suppose -42 = -0*o - z*o. What is the remainder when 18 is divided by o?
4
Let d(z) = 66*z - 260. Let i be d(0). Let s = 465 - i. Calculate the remainder when s is divided by 26.
23
Suppose -3*r - 61 = -4*i + 70, -i + 34 = -r. Let a = i + -6. What is the remainder when a is divided by -3*(-14 - (-1221)/99)?
3
Let z be (-2 - -23)/((-1)/(-3)). Suppose -5*u = 4*t - t - 49, -u = -5*t + z. Let h = -252 - -287. Calculate the remainder when h is divided by t.
9
Suppose -2*k - 7 = 3, 4*k - 478 = -6*g. Calculate the remainder when 178 is divided by g.
12
Let v(h) = -10*h**3 - 34*h - 26*h**3 + 33 + 37*h**3 + 2*h**2 + 15*h**2. Calculate the remainder when v(-18) is divided by 12.
9
Suppose 18*h + 1274 = 32*h. Suppose 2*v + u = 5, 4*u = -3*v - 0*v + 5. Suppose v*l + z = -z + 218, 3*z + h = l. Calculate the remainder when l is divided by 13.
11
Suppose 0 = 121*w - 87*w - 60656. Calculate the remainder when w is divided by 594.
2
Suppose -9460 = -41*m - 71*m - 60*m. What is the remainder when 1336 is divided by m?
16
Let z = -238 + 254. Suppose t = -2 + 97. What is the remainder when t is divided by z?
15
Let q = -181 + 202. Suppose -7*i = -q*i + 224. What is the remainder when i is divided by 13?
3
Suppose -q + 4*x - 3*x - 12 = 0, -4*x + 12 = 0. Let t(j) = -27*j - 18. What is the remainder when t(q) is divided by 76?
73
What is the remainder when 350 + -4 + (-38)/19 is divided by 112?
8
Suppose -664 = 22*m - 1478. What is the remainder when 1051 is divided by m?
15
Let v = -4475 + 4594. Suppose -5*x - 3*y + 185 = 0, 0*x + 5*y = -4*x + 135. Calculate the remainder when v is divided by x.
39
Let o = 4986 + -4699. What is the remainder when o is divided by 91?
14
Let u = -528 + 820. What is the remainder when u is divided by 185?
107
Suppose -40 = -6*m + 8. What is the remainder when (-9)/3 - -4 - -40 is divided by (332/16 - (-2)/m)/1?
20
Let w(t) be the second derivative of -t**3/6 + 19*t**2 + 76*t. What is the remainder when 82 is divided by w(-6)?
38
Let s = 8324 + -8309. What is the remainder when 626/(1 - (1 - 2)) is divided by s?
13
Let u be (-48)/66*(-22)/4. Suppose -f = -i - 2, 4*f = -4*i - 0 + 40. Suppose f*s = u*s + 260. What is t